common divisor of h and 12.
12
Suppose 82*y - 440 = -241 + 457. Calculate the greatest common divisor of y and 676.
4
Let v = -15 + 24. Suppose 3*o + v = 18. Suppose 72 = o*u - j - 11, 4*j + 89 = 3*u. What is the greatest common factor of 135 and u?
27
Suppose z - 4*d = 736, -235*d = -z - 239*d + 728. Calculate the highest common divisor of z and 854.
122
Let c(l) = 2*l + 107. Let y be c(-40). Suppose -29*u = -y*u - 12. What is the greatest common divisor of 66 and u?
6
Suppose -4*j - 4*d = 0, 0*j = -3*j + 2*d + 10. Suppose f + 3 = -9*p + 13*p, -p - f + j = 0. What is the greatest common divisor of p and 49?
1
Suppose 8*x - 3*x = 25. Suppose 3*d + x*h - 10 = 4*h, 0 = 2*d + 4*h - 10. Suppose 0 = -14*i + 13*i + 9. Calculate the highest common divisor of i and d.
3
Let y = -193 + 229. Let a be (-108)/5 + (-27)/(-45). Let i be ((-24)/14)/(6/a). What is the highest common factor of i and y?
6
Let a(p) = -3218*p - 262. Let l be a(-2). Calculate the greatest common factor of l and 42.
42
Suppose -23*b = -19*b - 7*b + 132. Calculate the greatest common divisor of b and 5258.
22
Let b = 6520 + -6336. Calculate the highest common divisor of b and 46.
46
Let w = 1107 - 770. Let b = w + -241. What is the greatest common factor of 216 and b?
24
Suppose -392 = -87*n + 652. Suppose -2*a + 132 = y, 2*a + 2 = -0. Let m = y + 34. What is the greatest common factor of m and n?
12
Suppose 1653*d = 1666*d - 1950. What is the highest common divisor of 310 and d?
10
Let g be 98/(-392)*(-13719 - 5). What is the highest common divisor of g and 94?
47
Let l(a) = 25*a + 57. Let y(w) = -2*w**2 + 17*w + 7. Let g be y(9). Let m be l(g). What is the greatest common divisor of m and 63?
7
Let s be -1 - -2 - 0 - -22. Let u(m) = m**3 - 31*m**2 + 10*m + 96. Let r be u(31). Let x = r + -383. Calculate the highest common factor of s and x.
23
Let y be ((-1)/2 - 36775/2)/(58/(-87)). Calculate the greatest common factor of 6 and y.
6
Let i(z) = -7*z + 2*z**3 - 2*z**2 - z**3 + 9 + z. Let t be i(6). Let d(c) = -17*c + 98. Let v be d(5). Calculate the greatest common factor of t and v.
13
Suppose -5*s = -4*h - 8, 9*s = 11*s - 4*h - 8. Suppose -6*z + 1678 - 142 = s. What is the highest common factor of z and 8?
8
Let x be (216753/(-44))/((-33)/44) - (-18)/(-66). Calculate the highest common factor of x and 8.
8
Let x be 8022/63 - (1/3 - 1). Suppose 14*l - x = 10*l. What is the highest common factor of l and 256?
32
Suppose -132 = 4*j + 8*j. Let c = j + 45. What is the greatest common divisor of 34 and c?
34
Suppose 0 = 2*p + 5*b - 2*b - 505, -b = 2*p - 515. Suppose -24*l + 11*l + p = 0. Let n = 169 - 119. What is the greatest common factor of l and n?
10
Let n = 1671 - 1617. Calculate the highest common divisor of n and 3564.
54
Suppose -g - 193 = -5*g - 5*m, 0 = 2*g + m - 89. Suppose 3*u = -24*k + 27*k + 60, -52 = -u + 5*k. What is the greatest common factor of u and g?
6
Suppose -26*w + 2*f = -30*w + 22, 2*w - 5*f + 7 = 0. Let d be w + 35/(-10) + (-749)/(-2). Calculate the highest common divisor of d and 225.
75
Let n = 123 + -92. Let v = n - -61. Calculate the greatest common factor of v and 69.
23
Let j(l) = -l**3 - 14*l**2 - 49*l - 5. Let w be j(-8). Suppose -20 - 16 = -w*y. Suppose 2*c + c = 12. What is the greatest common factor of y and c?
4
Let h = -7235 + 7244. Let o(y) = -y**3 - y**2 + y + 90. Let j be o(0). What is the greatest common factor of h and j?
9
Let z be 2/(-1) - ((-36)/(-3) - 0). Let c = z - -65. Let s = c - 35. What is the highest common divisor of s and 256?
16
Let b = 9678 + -9592. What is the greatest common divisor of 1677 and b?
43
Let h(p) = -24*p + 19. Let t(n) = -26*n + 18. Let f(a) = 7*h(a) - 6*t(a). Let x be f(-12). What is the highest common factor of 13 and x?
13
Let x be 260/(3/(-12)*(-152)/57) + -6. What is the greatest common factor of 4736 and x?
128
Let k = 21 - 6. Suppose -4*g + 424 = -4*q, 3*g + 544*q = 539*q + 310. Calculate the greatest common factor of g and k.
15
Let s(n) = 71*n - 9996. Let l be s(141). Suppose -3*j + 346 = -134. Calculate the highest common factor of l and j.
5
Suppose 5 = 7*g - 9. Suppose -5*h = -g*m - 150, -h - 3*m + 2*m + 37 = 0. Suppose 4*a = 256 + h. What is the highest common divisor of 24 and a?
24
Suppose -1033 = -12*n + 9719. Calculate the greatest common divisor of n and 2176.
128
Let s(b) be the second derivative of 29*b**4/12 + 10*b**3/3 + b - 12. Let n be s(1). What is the greatest common divisor of n and 343?
49
Suppose 29*s + 33 = 35*s - 135. Calculate the greatest common divisor of s and 56.
28
Let i = -6058 + 8225. Calculate the highest common divisor of i and 33.
11
Let f(t) = 273*t - 594. Let b be f(11). Calculate the greatest common factor of 33 and b.
33
Let y = 125 - 64. Let v be (-18)/36 - y/(-2). Let m = 418 + -268. What is the greatest common factor of m and v?
30
Let n(y) = 5*y**3 + 28*y**2 - 18*y - 11. Let o be n(-6). What is the greatest common divisor of 640 and o?
5
Let c be (-10)/(-1)*15/6. Suppose 73 = 2*n + c. What is the highest common factor of n and 84?
12
Let g be (-171)/(-6) - 85/34. Suppose 131*o - 132*o = -g. Let n(m) = -m**2 + 12*m + 6. Let f be n(10). Calculate the highest common divisor of f and o.
26
Let q be 26/(-52) + (-117)/2. Let f = q + 64. Suppose -f*r = -3 - 62. Calculate the highest common divisor of 117 and r.
13
Let c(h) = 43*h + 7208. Let i be c(-126). What is the greatest common factor of 40 and i?
10
Let m(d) = d**2 + 10*d - 45. Suppose -162 = 17*l + 93. Let y be m(l). Calculate the greatest common divisor of 530 and y.
10
Suppose 0 = -10*w + 365 + 425. Suppose 78*x - w*x = -28. What is the greatest common factor of x and 28?
28
Suppose 6*x - 124 - 92 = 0. Let t = 68 + x. Let y = t + -63. What is the greatest common divisor of y and 41?
41
Let x(h) = 4*h**2 - 10*h + 22. Let o be x(2). Let l(i) = i**3 - 18*i**2 + 2*i - 33. Let a be l(o). Calculate the highest common factor of 24 and a.
3
Suppose -4*z + t + 2 = 0, z - 5*t = -0*z + 10. Let u = z - -7. What is the greatest common factor of u and 175?
7
Let t = -26 + 31. Suppose -5*a = -2*r - 117, t*r - 3*r - 8 = 0. What is the highest common divisor of 5 and a?
5
Let u = 265 + -237. Suppose -471 = -2*l + 313. Suppose 7*c - l = 5*c. What is the greatest common divisor of u and c?
28
Suppose 1314 = 25*k - 7*k. What is the greatest common factor of 5183 and k?
73
Suppose -74070 = -16*a - 58*a + 87472. What is the greatest common divisor of a and 185?
37
Suppose 36303 = -34*p + 361479. What is the greatest common divisor of p and 12?
12
Let v(p) = 35*p + 75. Let i be v(3). Let n = -20 + i. Calculate the highest common divisor of n and 24.
8
Suppose -3283*q = -3315*q + 28672. What is the highest common divisor of 704 and q?
64
Let k(t) = 38*t**2 - 138*t + 6. Let j be k(8). What is the highest common factor of 522 and j?
58
Let x be -10*((-7670)/20 - 8 - -8). What is the highest common factor of x and 295?
295
Let c be 30/24 + 15/20. Let m be (c - 6/4)*400. Calculate the highest common divisor of m and 25.
25
Let a = -7543 + 7599. What is the greatest common factor of 476 and a?
28
Let g(a) = -1296*a - 3837. Let x be g(-3). Calculate the highest common divisor of x and 1003.
17
Let m(g) = -14*g - 41. Let k be m(6). Let a = -104 - k. What is the highest common divisor of 42 and a?
21
Suppose -5 = -u - 2*h, -6*u + 11*u - h = 69. Let p = -6 + u. Let s be 2/p - 412/(-28). What is the highest common divisor of s and 3?
3
Suppose -2*f - 270 = -2*g, 2*g - 282 = -5*f + f. Suppose -7*o + g = -94. Calculate the highest common factor of 3 and o.
3
Let o(i) = -i**3 + 20*i**2 + 2*i - 550. Let c be o(17). Calculate the greatest common factor of c and 4992.
39
Let z(b) = -4*b**3 + 11*b**2 + 3*b - 50. Let w be z(-3). What is the greatest common factor of w and 31376?
148
Suppose 26*t - 13*t + 2366 = 0. Let p = -180 - t. What is the highest common factor of 16 and p?
2
Let t(w) = -w**2 + 9*w + 27. Let s = 34 + -23. Let v be t(s). Suppose -5*n - v*h + 40 = 0, n - 3*h = -4 - 0. What is the highest common divisor of 15 and n?
5
Let z = -4739 + 5175. What is the greatest common factor of z and 15914?
218
Let h(y) = y**3 - 7*y**2 + 6*y - 4. Let s be h(6). Let i be 5188/(-56)*-2 - s/(-14). Suppose 0*p + 370 = 5*p. What is the greatest common f